{"id":406,"date":"2022-07-24T12:36:29","date_gmt":"2022-07-24T10:36:29","guid":{"rendered":"https:\/\/dukes-band.de\/?page_id=406"},"modified":"2023-09-20T17:15:52","modified_gmt":"2023-09-20T15:15:52","slug":"ueber-uns","status":"publish","type":"page","link":"https:\/\/dukes-band.de\/?page_id=406","title":{"rendered":"\u00dcber uns"},"content":{"rendered":"\n<p>Wir, die DUKES, sind eine Band aus Hamm, am Rande des Ruhrgebiets, die Band zum Anfassen und mit dem Herz an der richtigen Stelle.<\/p>\n\n\n\n<figure class=\"wp-block-image size-large\"><img loading=\"lazy\" width=\"1024\" height=\"683\" src=\"http:\/\/dukes-band.de\/wp-content\/uploads\/2021\/10\/dukes-2004-1-1024x683.jpg\" alt=\"\" class=\"wp-image-376\"\/><\/figure>\n\n\n\n<p>Wir liefern puren, handgemachten Rock\u2019n Roll, Rockabilly, Blues und Country \u2013 amerikanische Musik von den 50er-Jahren bis zur Neuzeit.<\/p>\n\n\n\n<figure class=\"wp-block-image size-large\"><img loading=\"lazy\" width=\"1024\" height=\"768\" src=\"http:\/\/dukes-band.de\/wp-content\/uploads\/2018\/06\/HWQH4193-1024x768.jpg\" alt=\"\" class=\"wp-image-254\" srcset=\"https:\/\/dukes-band.de\/wp-content\/uploads\/2018\/06\/HWQH4193-1024x768.jpg 1024w, https:\/\/dukes-band.de\/wp-content\/uploads\/2018\/06\/HWQH4193-300x225.jpg 300w, https:\/\/dukes-band.de\/wp-content\/uploads\/2018\/06\/HWQH4193-768x576.jpg 768w, https:\/\/dukes-band.de\/wp-content\/uploads\/2018\/06\/HWQH4193.jpg 1280w\" sizes=\"(max-width: 767px) 89vw, (max-width: 1000px) 54vw, (max-width: 1071px) 543px, 580px\" \/><\/figure>\n\n\n\n<p>(Live Auftritt American Journeys Cambrai Frankreich 2018)<\/p>\n\n\n\n<p>St\u00fccke von <em>Johnny Cash, Chuck Berry, Eddy Cochran, Garth Brooks, Stray Cats, Tito &amp; Tarantula<\/em> oder nat\u00fcrlich auch vom Meister <em>Jerry Lee Lewis<\/em>.<\/p>\n\n\n\n<p>Regelm\u00e4\u00dfig \u00fcberraschen wir auch unsere langj\u00e4hrigen Fans mit neuen Covereinlagen, wo auch mal der Discosong der 80er in einem anderen Stil interpretiert wird, oder auch moderne St\u00fccke in einer &#8222;verdukten&#8220; Version gespielt werden.<\/p>\n\n\n\n<p>Die DUKES, das sind die beiden Frontm\u00e4nner <em>Rainer Liedert<\/em> (Solo-Gitarre\/Lead-Gesang) sowie <em>Dirk R\u00e4bber<\/em> (Gesang\/Gitarre\/Klavier\/Akkordeon\/Blues Harp).<\/p>\n\n\n\n<p>Beide verk\u00f6rpern sinnbildlich die streunenden Katzen (Stray Cats) und bilden eine Stimmenvielfalt im Gesang.<\/p>\n\n\n\n<p>Am Schlagzeug sitzt <em>Dominik \u201eDumpi\u201c Wiegand<\/em>, mit langer B\u00fchnenerfahrung gibt er bei den DUKES den Takt an und unterst\u00fctzt dazu noch tatkr\u00e4ftig den Gesang. Unterst\u00fctzt von <em>Big Moe Brandt<\/em> am Kontrabass, der schon seit mehr als 25 Jahren dem Blues und Rock\u2019n Roll die Treue h\u00e4lt. Der Groove zieht sich durch das gesamte Programm und kein Bein kann lange ruhig stehen bleiben.<\/p>\n\n\n\n<p>Zusammengew\u00fcrfelt, aber passend wie keine zweite Band, bringen wir mindestens 120 Jahre B\u00fchnenerfahrung auf die Waage und machen Live-Musik f\u00fcr Menschen, die den amerikanischen Traum von Freiheit und Abenteuer tr\u00e4umen.<\/p>\n\n\n\n<p>Wir m\u00f6chten unser Publikum mit frischen Songs in Stimmung bringen, elektrisieren und einladen, mit uns eine ungezwungene Party zu veranstalten. Stolz sind wir auf eine stetig wachsende Fangemeinde.<\/p>\n\n\n\n<p>Unterhaltsam und kurzweilig, Witz und Charme, das sind die St\u00e4rken der Band DUKES.<\/p>\n\n\n\n<p>Wir haben eine Fangemeinde mit Fan T-Shirts, die uns bei den Gigs tatkr\u00e4ftig unterst\u00fctzen. Sp\u00e4testens im 2. \/ 3. Set werden die Zuh\u00f6rer immer aktiver und k\u00f6nnen nicht mehr nur auf ihrem warmen Platz sitzen oder stehen bleiben, sondern m\u00fcssen sich einfach zur Musik mitbewegen.<\/p>\n\n\n\n<p>Auch sind Tanzeinlagen auf der B\u00fchne mit dem Publikum keine Seltenheit und einer der weiteren H\u00f6hepunkte in unserem Programm. Wir sind von Anfang bis Ende mit dem Publikum in Kontakt und bauen St\u00fcck f\u00fcr St\u00fcck eine Beziehung auf. Rock\u2018n Roller k\u00f6nnen zu 50\/60er St\u00fccke performen, die Rockabillies kommen ebenfalls auf ihr Vergn\u00fcgen und die Linedancer haben viel Spass mit unseren Country St\u00fccken,  die Vielfalt macht das Programm aus!<\/p>\n\n\n\n<figure class=\"wp-block-image size-large\"><img loading=\"lazy\" width=\"1024\" height=\"683\" src=\"https:\/\/dukes-band.de\/wp-content\/uploads\/2022\/07\/dukes-2045-1024x683.jpg\" alt=\"\" class=\"wp-image-436\" srcset=\"https:\/\/dukes-band.de\/wp-content\/uploads\/2022\/07\/dukes-2045-1024x683.jpg 1024w, https:\/\/dukes-band.de\/wp-content\/uploads\/2022\/07\/dukes-2045-300x200.jpg 300w, https:\/\/dukes-band.de\/wp-content\/uploads\/2022\/07\/dukes-2045-768x512.jpg 768w, https:\/\/dukes-band.de\/wp-content\/uploads\/2022\/07\/dukes-2045-1536x1024.jpg 1536w, https:\/\/dukes-band.de\/wp-content\/uploads\/2022\/07\/dukes-2045-2048x1365.jpg 2048w\" sizes=\"(max-width: 767px) 89vw, (max-width: 1000px) 54vw, (max-width: 1071px) 543px, 580px\" \/><\/figure>\n\n\n\n<p>Viele verschiedene Konzerte, Open Air Festivals, Tourneen und auch die klassischen Kneipen und Kultur Gigs sind von uns schon erfolgreich gespielt worden. Um einen kleinen Einblick zu bekommen schaut mal in die Mediathek. Dort sind ein paar Konzerte\/Touren zu sehen :-).<\/p>\n\n\n\n<p>.<strong>Kontakt:<\/strong><\/p>\n\n\n\n<p>eMail: info@dukes-band.de<\/p>\n\n\n\n<p>mobil: +49172 797 93 97 (Dirk)<\/p>\n\n\n\n<p>+49160 949 35 887 (Moe)<\/p>\n\n\n\n<p>youtube: Dukes Hamm<\/p>\n\n\n\n<p>Facebook: Dukes-Hamm<\/p>\n\n\n\n<p>Web: <a href=\"http:\/\/www.dukes-hamm.de\/\">www.dukes-<\/a>band.de<\/p>\n\n\n\n<p>Howdy<\/p>\n\n\n\n<p>Die Band \u201cDUKES\u201d<\/p>\n","protected":false},"excerpt":{"rendered":"<p>Wir, die DUKES, sind eine Band aus Hamm, am Rande des Ruhrgebiets, die Band zum Anfassen und mit dem Herz an der richtigen Stelle. Wir liefern puren, handgemachten Rock\u2019n Roll, Rockabilly, Blues und Country \u2013 amerikanische Musik von den 50er-Jahren bis zur Neuzeit. (Live Auftritt American Journeys Cambrai Frankreich 2018) St\u00fccke von Johnny Cash, Chuck &hellip; <\/p>\n<p class=\"link-more\"><a href=\"https:\/\/dukes-band.de\/?page_id=406\" class=\"more-link\"><span class=\"screen-reader-text\">&#8222;\u00dcber uns&#8220;<\/span> weiterlesen<\/a><\/p>\n","protected":false},"author":1,"featured_media":0,"parent":0,"menu_order":0,"comment_status":"closed","ping_status":"closed","template":"","meta":[],"_links":{"self":[{"href":"https:\/\/dukes-band.de\/index.php?rest_route=\/wp\/v2\/pages\/406"}],"collection":[{"href":"https:\/\/dukes-band.de\/index.php?rest_route=\/wp\/v2\/pages"}],"about":[{"href":"https:\/\/dukes-band.de\/index.php?rest_route=\/wp\/v2\/types\/page"}],"author":[{"embeddable":true,"href":"https:\/\/dukes-band.de\/index.php?rest_route=\/wp\/v2\/users\/1"}],"replies":[{"embeddable":true,"href":"https:\/\/dukes-band.de\/index.php?rest_route=%2Fwp%2Fv2%2Fcomments&post=406"}],"version-history":[{"count":4,"href":"https:\/\/dukes-band.de\/index.php?rest_route=\/wp\/v2\/pages\/406\/revisions"}],"predecessor-version":[{"id":495,"href":"https:\/\/dukes-band.de\/index.php?rest_route=\/wp\/v2\/pages\/406\/revisions\/495"}],"wp:attachment":[{"href":"https:\/\/dukes-band.de\/index.php?rest_route=%2Fwp%2Fv2%2Fmedia&parent=406"}],"curies":[{"name":"wp","href":"https:\/\/api.w.org\/{rel}","templated":true}]}}